2/(-1). Suppose -y*u = -16*u + 72. Calculate o(u).
0
Let w be (6/8)/(14/(-8) - -2). Suppose 0*a - 19 = -3*d - 2*a, w*a - 18 = -d. Let r(m) = -3*m + 1. Determine r(d).
-8
Let l(m) = m - 2. Let p(h) = 1. Let t(s) = -l(s) + 3*p(s). Let d be (0/(-1) - 1)*-30. Suppose 3*v - 30 = -2*v - 3*z, 5*v + z = d. Determine t(v).
-1
Let v(i) be the first derivative of -5*i + 1/4*i**4 - 2*i**2 + 19 - 4/3*i**3. Let b = -1 - -6. Determine v(b).
0
Let n be 1 + 16*3/6. Suppose -81 + n = 6*i. Let g(k) = -k**3 - 13*k**2 - 14*k - 18. Let b be g(i). Let t(h) = h**2 - 6*h + 4. Determine t(b).
4
Suppose -11 + 5 = 3*n, 4*n = 2*w + 4. Let f(r) = 2*r**2 + 7*r + 8. What is f(w)?
38
Let c(m) = -m**2 + 6*m - 5. Let v be (-1)/(3 - 94/31). Suppose -v*p - 20 = -35*p. Determine c(p).
0
Let o(i) be the first derivative of -i**3/3 + 3*i - 1. Let k(p) be the second derivative of -p**3/6 + 13*p**2/2 - 18*p. Let t be k(16). Calculate o(t).
-6
Let b(m) = 5*m - 8. Let g(n) = -3*n + 4. Let i(a) = -6*b(a) - 11*g(a). Suppose 4*j = -j - 90. Let u be ((-1)/3)/((-2)/j). What is i(u)?
-5
Let o(n) = 1 + 7*n - 1. Let x(m) = 107*m + 108. Let r be x(-1). Calculate o(r).
7
Let c(f) = 6*f**2 - 3*f. Let j(t) = -15*t**2 - t + 9. Let g(w) = w - 1. Let o(z) = 18*g(z) + 2*j(z). Let m(u) = -11*c(u) - 2*o(u). Determine m(-1).
-7
Suppose 7*b - 4*b = -3. Let s(x) = -2*x**3 - 4*x**2 - 2*x - 4. Let o(t) = 4*t**3 + 7*t**2 + 4*t + 7. Let w(i) = 3*o(i) + 5*s(i). Calculate w(b).
-2
Let k(r) = 4*r. Suppose 24 = -2*g - 0*g. Let l = 39 - 52. Let i = l - g. Give k(i).
-4
Let v be (10/(-4) + 3)*-12. Let a(l) = -1. Let m(o) = -2*o. Let r(k) = -2*a(k) - m(k). What is r(v)?
-10
Suppose 3*s - 15 = -5*k, -4*s - 4*k + 11 = -1. Let t be s + (0 - 0 - -4). Let p(n) = n**3 - 3*n**2 - 3*n + 5. Determine p(t).
9
Let n(d) = -8*d - 3. Let f = 32 - 38. Let b be (-9)/f*16/(-12). Calculate n(b).
13
Let l(i) = -34*i. Suppose -10 = 2*m + 5*w - 13, 0 = -2*m + 5*w - 7. Determine l(m).
34
Let l(t) = t**3 + 2*t**2 + t + 9. Let z be l(-5). Let f = z - -73. Let v(q) = q**2 - q + 1. What is v(f)?
3
Let t(g) = -4*g + 10. Let a(r) = 3*r - 11. Suppose 5*q - 20 + 35 = 0. Let w(b) = q*a(b) - 2*t(b). Give w(0).
13
Suppose -8*l + 4*j + 26 = -3*l, 5*l - 28 = 2*j. Let h(t) = t + t + 4*t - l. Determine h(5).
24
Let k(n) = -n**3 + 7*n**2 + 2*n - 1. Let r be (0 + 42/(-4))*14/(-21). Calculate k(r).
13
Let c(k) = -k**3 + 5*k**2 + 7*k. Let o be c(6). Suppose 5*r = 10*r - 10. Let b(p) = r*p - 4 + 1 - 4 + 0. Calculate b(o).
5
Let m(a) = -a**3 - 2*a**2 - 3*a - 9. Let l(n) = n**3 + n**2 + n + 1. Let i(b) = 2*l(b) + m(b). Let h(c) = c**3 + 4*c**2 + 2*c + 8. Let f be h(-4). Give i(f).
-7
Let u be (-8)/48 - 11/6. Let i be (4 - 5)*1/(1 + u). Let p(d) = 8*d**3 - d. What is p(i)?
7
Let y(k) be the third derivative of -k**5/60 + k**4/3 - 109*k**2. What is y(4)?
16
Let a(n) = n**2 + n - 60. Let x be a(-7). Let i(l) = -l**2 - 17*l. Give i(x).
-18
Let h(u) = -7*u**2 - u - 2. Let y(c) be the third derivative of -c**5/60 - c**4/24 + 14*c**2. Let l(g) = h(g) - 6*y(g). What is l(8)?
-26
Let d(i) = -i**3 - i**2 - 2*i. Let l(z) be the first derivative of -z**3 - 3*z**2/2 - 2*z + 12. Let g be l(-1). Determine d(g).
8
Let o = 0 + -6. Let c be (-25)/(-15) + 20/15. Let x(d) = -2*d**3 + 4 + 7*d**3 - 4*d**c + 6*d**2. Determine x(o).
4
Let b(u) = 1 + u + 6 - 2*u. Let z be 60/9 + -5 + (-13)/(-3). Give b(z).
1
Let t(p) = -2*p**2 + 11*p - 9. Let o(b) = -b**2 + 5*b - 4. Let k(a) = -9*o(a) + 4*t(a). Let v(f) = 3*f**2 - 5*f - 2. Let j(s) = 2*k(s) - v(s). Determine j(4).
-2
Let p(l) = 5*l + 2. Let m(v) = -v**2 - 26*v - 9. Let j(n) = -2*m(n) - 11*p(n). Give j(4).
16
Let w(n) = n + 6. Let l be (-441)/(-91) - 2/(-13). Suppose -2 = l*i + r, 4*i + 4*r = -10 + 2. Calculate w(i).
6
Suppose -q + 5*z - 1 = 2, -2*q - 6 = -z. Let k(u) = -237 - 12*u + 0*u**2 + 11*u - 2*u**2 + u**2 + 241. Determine k(q).
-2
Let t(v) be the first derivative of v**2 - 4*v + 61. What is t(2)?
0
Let q(d) = -d**3 - d**2 + 6. Let k = -537 - -537. Calculate q(k).
6
Let a(i) be the third derivative of i**5/40 + 7*i**4/24 + 7*i**3/6 + i**2. Let s(c) be the first derivative of a(c). Suppose -5 = -3*h + 4*h. Calculate s(h).
-8
Let o(q) = q**3 + 2*q**2 - 8*q + 17. Let t(f) = -f**3 - 4*f**2 + 9*f - 19. Let y(n) = -4*o(n) - 3*t(n). Calculate y(5).
-11
Let i(s) = -s**2 - 7*s - 8. Let c(j) = j - 1. Let k be c(1). Let x(b) = -b**3 + b**2 + b + 8. Let g be x(k). Let h be -12*-1*(-4)/g. Give i(h).
-2
Let d be (20/6 - 2) + 6/9. Let i(m) = -2*m + 3. Calculate i(d).
-1
Let q be (-68)/102 + 4/(-3). Let x(o) be the second derivative of 4*o**3/3 + 3*o**2/2 + 2*o. What is x(q)?
-13
Let v(c) be the first derivative of c**4/4 + 2*c**3 + 2*c**2 + 9*c - 66. Determine v(-6).
-15
Suppose r = -x - 16, 2*r + 4*x = -0*r - 34. Let d = r - -13. Let b(s) be the second derivative of s**3/3 + s. Determine b(d).
-4
Let g(x) = x**3 + 7*x**2 - 3*x + 2. Let a(u) = -2*u**2 + 0*u**3 - 10 + 16*u - 20*u**2 - 6*u**3 - 13*u**2. Let s(v) = 2*a(v) + 11*g(v). Give s(7).
-5
Suppose -42 = -4*r - 2*r. Let b(s) = r + 1 - 4 - 1 - 2*s. Determine b(2).
-1
Let s(q) be the first derivative of q**3/3 + 5*q**2 - 5*q - 176. What is s(-11)?
6
Let s(y) be the third derivative of -y**6/120 + 2*y**5/15 + 3*y**4/8 + 5*y**3/6 + 187*y**2. Determine s(9).
5
Suppose -2*a + 0 = -6. Let f(j) = 3*j**2 - 4*j - j**3 + 6*j + 0*j**2 + 4. Give f(a).
10
Let h(z) = -z**3 + z + 1. Suppose 8 = 3*i + 2. Suppose -i*f - 10 = -5*g, -4*g - 3*f = -0 - 8. Determine h(g).
-5
Let l(v) be the third derivative of -v**5/60 + 5*v**4/12 - 5*v**3/6 - 242*v**2. Give l(6).
19
Let m(v) = -12*v**2 + 31*v + 4. Let s(i) = -5*i**2 + 13*i + 2. Let w(f) = -3*m(f) + 7*s(f). Suppose 4*u + 8 = 20. What is w(u)?
5
Let c be ((-11)/7 - 1)*(-28)/6. Suppose c + 6 = -6*n. Let j(w) = -2*w - 3. Calculate j(n).
3
Let b(w) = w**2 + 19*w + 3. Let o(g) = g**2 - 55*g + 497. Let v be o(43). Give b(v).
3
Let b(t) be the second derivative of -5*t**4/12 + t**3/6 + t**2 - 21*t + 2. Suppose -3*q + 4 = -q. What is b(q)?
-16
Let w(c) = 1. Let z(j) = -j - 2. Let x(m) = -5*w(m) - 3*z(m). Let t be (-5)/(((-20)/(-5))/4). Calculate x(t).
-14
Let t(s) = 2*s**3 + s + 3*s**2 + 3 + 4*s**2 + 2*s**2 - 8*s**2 - 2. Give t(2).
23
Let f(c) be the first derivative of -c**4/4 + c**3 - 2*c**2 + 3*c + 281. Calculate f(2).
-1
Let n(d) = 9*d**2 - 23*d - 3. Let j(u) = -4*u**2 + 11*u + 1. Let s be (2 - 0) + (-5 - 0) + 0. Let p(q) = s*n(q) - 7*j(q). Calculate p(3).
-13
Suppose i = -2*c - 5 - 2, 17 = -2*c + i. Let k be c/21 - (-32)/14. Let l(q) = -5*q**2 - 5*q. Let j(d) = 6*d**2 + 6*d. Let x(p) = -4*j(p) - 5*l(p). Give x(k).
6
Suppose 0 = 4*o, 0 = 7*c - 3*c + o - 8. Let s(w) = -1 - 2 + 3*w**c + 4*w - 5*w + w**3. Let a = -2 + -1. Determine s(a).
0
Let r = -27 + 38. Let q be 20/r - 14/(-77). Let x(g) = -12 - g + 2*g**q - g**2 + 6 - 3*g. Determine x(6).
6
Let f be (14 + 0)/(11 - 13). Let t(x) = 6*x**3 + x**2 - 13*x - 4. Let z(b) = -b**3 + b**2 + b. Let l(g) = -t(g) - 5*z(g). Give l(f).
-3
Let c(n) = -7*n + 7. Let l(w) = 11*w - 13. Let k(u) = -5*c(u) - 3*l(u). Determine k(-5).
-6
Let z(r) = 0 + 0 + 2 + 1 + 16*r - 1. Determine z(1).
18
Let p(j) = -7*j + 53 - 56 + 6*j - 5*j. Determine p(-2).
9
Let c(m) = -34*m**3 + 17*m**2 + 19*m + 88. Let y(v) = -15*v**3 + 8*v**2 + 9*v + 44. Let s(k) = -4*c(k) + 9*y(k). Calculate s(-5).
-6
Let u(i) = -i - 3. Suppose -201 + 786 = 45*g. What is u(g)?
-16
Suppose 94*a - 102*a = 64. Let x(h) = -h**3 - 6*h**2 + 17*h + 3. Determine x(a).
-5
Suppose 2*m - 26 = 3*t, 4*m + 5 = 21. Let f(x) = -4*x**2 - 3*x - 2. Let d(g) = -5*g**2 - 2*g - 2. Let p(z) = 3*d(z) - 4*f(z). Calculate p(t).
2
Let o(d) be the second derivative of -d**4/12 - 7*d**3/6 - 5*d**2/2 - 2*d. Suppose 708*i = 764*i + 224. What is o(i)?
7
Suppose 2*m = -11 + 7. Let v(r) = -r**2 + 2*r. Let d(j) = 2*j**2 - 2*j. Suppose -4*f + 2 = 10. Let a(w) = f*d(w) - 3*v(w). Determine a(m).
0
Let o(a) = 9*a**2 - 14*a + 11. Let i(k) = 7*k**2 - 13*k + 12. Let x(r) = 4*i(r) - 3*o(r). Calculate x(6).
-9
Let j(b) be the first derivative of -b**3/3 + b**2 - 4*b - 716. What is j(3)?
-7
Let a(f) = f**3 - 2*f**2 + 4*f - 2. Let y(s) be the first derivative of -s**3/3 + 7*s**2/2 - 4*s + 20. Let w be y(6). Give a(w).
6
Let z(r) = -r**3 - 8*r**2 + 3*r - 3. Let a = 357 - 365. What is z(a)?
-27
Let d(y) = -6*y. Let r(l)